2 - 10*h + 9. Let n(v) = 34*v**2 - 20*v + 19. Let f(x) = -6*n(x) + 13*q(x). Is f(c) a prime number?
False
Let x = 4 - 1. Let l = x + 0. Suppose -l*f = -f - 28. Is f a prime number?
False
Suppose 26692 = 5*y + 7092. Suppose -4*m + y = m + 5*i, -i - 3141 = -4*m. Is m composite?
True
Suppose -2795 + 155347 = 8*c. Is c a composite number?
False
Let j(r) = 1077*r**2 + 2. Suppose 0*d = -7*d + 7. Is j(d) prime?
False
Let c = 5997 + -1583. Is c composite?
True
Let i(t) = -789*t - 2. Let a(d) = -788*d - 3. Let r(u) = -5*a(u) + 6*i(u). Is r(-1) a prime number?
True
Is (-7)/(-28) - 93420/(-16) prime?
True
Suppose -2*k = -3*k + 1. Let l(t) = -3*t - 4. Let a(o) = -o - 1. Let i(w) = k*l(w) + 6*a(w). Is i(-7) a composite number?
False
Let l(v) = 3*v**2 + 11*v + 3. Let k(d) = 16*d**2 + 54*d + 16. Let a(x) = -2*k(x) + 11*l(x). Let o be a(-9). Is (-1165)/o + (-2)/7 prime?
False
Suppose 42 = 9*w + 15. Suppose v + 5*a - 1498 = 0, 3*v + w*a - 3057 = 1473. Is v a prime number?
False
Suppose 15*j = 22*j - 108073. Is j a prime number?
True
Suppose -2*a = 9*a - 2*a. Suppose -8*r + 7*r + 493 = a. Is r prime?
False
Let x(i) = 61*i**2 - 1. Let h be x(5). Suppose -2*s = 4*s - h. Is s a prime number?
False
Let l = 6468 - -61375. Is l prime?
True
Let o = -125 - -128. Suppose x + 4*x = -3*z + 654, 0 = -4*z - 2*x + 858. Suppose 0 = -o*w - a + 694, 2*w - w + 4*a = z. Is w prime?
True
Let i(o) = 23*o**2 + 18*o + 766. Is i(57) composite?
False
Suppose -29*z = -38*z + 227709. Is z prime?
True
Let p(s) = s**2 - 14*s - 10. Let r(b) = -10*b - 1. Let z(t) = -1. Let h(f) = -r(f) - 2*z(f). Let a be h(-2). Is p(a) a prime number?
False
Let f(a) = -1027*a + 314. Is f(-20) prime?
False
Let b(y) = -y**3 + 32*y**2 - 14*y + 15. Let p be (240/(-56))/((-11)/(-14) + -1). Is b(p) a composite number?
True
Let m(b) = 0*b - 2*b**3 + b + 3*b**3 + 2 + 9*b**2. Suppose -2*r = -3*q - 2*q - 5, -3*r + q - 12 = 0. Is m(r) a prime number?
True
Let n(o) = 2943*o - 4. Suppose -5*s - 4*l = -17, 4*l = -0*s + s + 11. Is n(s) prime?
True
Suppose 2*x + 8 - 12 = 0. Is 49/14*(x - -56) a composite number?
True
Let j(k) = -2023*k - 53. Is j(-4) a prime number?
True
Suppose 0 = -2*h + 2*h + h. Suppose 4*s + 3*o - 361 = h, -4*s + 269 = 4*o - 87. Is s a composite number?
True
Suppose -3*d + 424 + 1721 = 0. Let g = 1448 - d. Is g a composite number?
False
Let g(a) = a**3 + 10*a**2 + 3*a - 1. Suppose -2*p = w + 11, 2*w + 0 = -p + 2. Let x be p + (-4)/(6 - 2). Is g(x) a composite number?
False
Let h(i) = -7*i + 16. Let l be 8/(-10) - (-663)/(-65). Is h(l) a prime number?
False
Let n(l) = 1 - l**3 - l - 4*l**2 - l + 3*l**2 + 3*l. Let s be n(-2). Suppose a = -t + 187, -s*t = -0*a - 5*a - 545. Is t a composite number?
True
Suppose r + 2*s - 4100 = 0, -s + 12333 = 3*r - 6*s. Let b = -2745 + r. Is b a prime number?
True
Let j(v) be the second derivative of v**3/2 - 7*v**2 - 4*v. Let s be j(11). Suppose -x + 108 = -s. Is x a composite number?
False
Let s = -1618 + 2732. Suppose -s = -3*x - 1. Is x a composite number?
True
Suppose -3*h + 900 = -0*h. Let b = -167 + h. Is b composite?
True
Let m = -22916 - -32542. Is m a prime number?
False
Suppose -3*t + 4*q - 5 = -22, 0 = 5*t - 3*q - 21. Suppose 12 = -t*y - 6. Let f(z) = -2*z**3 - z**2 + 9*z + 5. Is f(y) a composite number?
False
Is 13*1002 - (-4 - 3) a composite number?
False
Suppose -26*q = -28*q + 186262. Is q prime?
True
Let c be 11426/(-7) - (20/28 + -1). Let o = c - -2351. Is o composite?
False
Suppose 59*i - 56*i - 11139 = 0. Is i a composite number?
True
Let b(k) = -k**3 + 6*k**2 - 2*k - 4. Let j be b(4). Is 1954*22/j + 2/(-5) a composite number?
True
Suppose -3 = 3*s - 0, 0 = 3*r + 2*s - 7237. Is r composite?
True
Suppose -4*g - 5*w = -31977, -2*g = 3*g + 3*w - 39955. Let t = -4783 + g. Is t composite?
True
Suppose -4*o = -2*a + 3398, -4*a = 6*o - 11*o - 6787. Is a a composite number?
False
Let a(l) = l**2 + 18*l - 18. Let i be a(-19). Is 0 + -4 + i + 302 prime?
False
Let n(y) = -2*y + 13. Let u be n(11). Let z be 16 + u - -1*2. Is (-129)/(-9) + (-3)/z a composite number?
True
Suppose -2*y + 4 = 2*y. Let n be y/(-5) - 5168/(-40). Suppose n + 166 = 5*z. Is z composite?
False
Suppose -40 = k - 3*g, 4*g = -k + 2*k + 44. Let n = -7 - k. Suppose -w = -n + 8. Is w a composite number?
False
Suppose c - 5*m = -6*m + 93159, 0 = -c + 4*m + 93179. Is c composite?
True
Let j = 510 + 195. Suppose 0 = 4*m - m - j. Suppose -m = -0*c - 5*c. Is c a prime number?
True
Let j(k) = -9*k - 251. Is j(-48) a composite number?
False
Let q be 1*(-3 + 8)/5. Is 1264*q - (3 + 0) a composite number?
True
Let l = 292 + -80. Suppose 4*o + l = n, -1039 + 174 = -4*n - o. Suppose r + n = 2*r - 5*a, 4 = -4*a. Is r a prime number?
True
Let t = -57 + 111. Suppose -62 = 5*g - 3*g. Let r = g + t. Is r composite?
False
Let q be 2/16 + (-8598)/48. Let u = 8 - q. Is u composite?
True
Let h be (2225/(-20))/((-2)/16). Suppose 3*u = 8*u - h. Is u a composite number?
True
Let u(z) = -2*z + 19. Let l be u(-6). Let y = 41 - l. Suppose y*k = 11*k - 223. Is k composite?
False
Suppose -2*b - 5*f = -b - 20, 5*f = 20. Suppose 0 = h + 5*u - 288, b = -4*h + 3*h - 3*u + 292. Suppose 5*g + 0*g - h = 3*y, -2*g + 2*y = -120. Is g prime?
True
Let p = 373 - 114. Is p prime?
False
Let v = 11 + 1. Suppose 4*c - 3*q = q + v, 5*q - 5 = -5*c. Suppose -4*r + 86 = -2*p, 0*r + c*r + p = 33. Is r prime?
True
Suppose -4*n + 2*x + 72 = 0, -2*n = -3*n - 5*x + 18. Suppose -n*b = -23*b + 2095. Is b prime?
True
Let b be (10/(-6))/(25/(-90)). Let h = -1 + 3. Suppose h*g - 39 = 3*u, b*g - 3*g + 5*u = 68. Is g a prime number?
False
Let v be 37 - (0 - 4/4). Suppose -l - 3*t = -v - 4, 5*l = -t + 196. Let p = l - -76. Is p prime?
False
Let t(l) = -9*l**3 + 3*l**2 - 4*l + 2. Let h be t(1). Is (1 + (-470)/(-8))/((-2)/h) prime?
True
Let y be (369/12)/(9/12). Is (544/(-16))/((-2)/y) a prime number?
False
Suppose 0 = -0*j - 4*j + 40. Suppose 0 = -4*k - j - 2. Is ((-1)/k)/((-5)/(-795)) a prime number?
True
Is (52878/4 + 4)*(0 - -2) a prime number?
False
Let j(v) = -5*v**3 + 8*v**2 + 0*v**2 + 12 - v**2 + 0*v**2 + v. Is j(-5) a composite number?
True
Let w be ((-19)/2)/(3/258) - 0. Let b = -398 - w. Is b a prime number?
True
Let v(i) = 371*i**2 + 5*i + 3. Is v(-3) a composite number?
True
Suppose -5*f - 86 - 1024 = 0. Let y = -107 - f. Let j = y - 68. Is j prime?
True
Suppose -c - 3*j + 4458 - 197 = 0, -4*c - 5*j = -17016. Is c composite?
True
Is (1 - -1641) + (4 - 15/3) prime?
False
Let a = -15 - -29. Suppose a = -3*x + x. Let z = x + 13. Is z a prime number?
False
Suppose -5*n + 5818 = 4*z, -4*n + 6250 + 1018 = 5*z. Suppose 7*w - 494 = z. Is w prime?
False
Let n = -8 + 22. Suppose n*b = 16*b - 16. Let p(s) = 6*s - 13. Is p(b) composite?
True
Let d be (-6)/8*1/(-6)*16. Suppose -5*i - d*o + 4*o + 2787 = 0, -5*i + 4*o = -2789. Is i a prime number?
True
Suppose -5*r - 38*f + 34972 = -37*f, -2*r = -4*f - 14002. Is r a prime number?
False
Let a(k) = 3*k + 745. Suppose 0 = 2*n + 4*q, 3*n = 2*n - 5*q. Is a(n) a prime number?
False
Suppose -4*v - 3*n - 340 = 0, 5*v + 324 = v + n. Let u = 153 + v. Is u a composite number?
False
Let m = -482 + 304. Let c = 497 + m. Is c a prime number?
False
Suppose -4*k - 7 + 27 = 0. Suppose -230 = k*c - 745. Suppose 0 = i + 2*z - 163, -z - 57 = -i + c. Is i a composite number?
True
Is (-1)/(167178/23883 + -7) composite?
True
Let f = -16914 + 32515. Is f prime?
True
Suppose -4*c - 40 = 4*z, 5*c - z = 4*c - 10. Let s = 675 - c. Is s a composite number?
True
Let f(v) be the first derivative of v**5/20 + v**4/12 + v**3/3 - v**2/2 + 6*v + 10. Let g(c) be the first derivative of f(c). Is g(6) a composite number?
False
Let p(w) = w**3 + 14*w**2 - 16*w + 2. Suppose -15*c = -11*c - 12. Suppose c*l - 5*l - 26 = 0. Is p(l) prime?
True
Let z be (-2)/(5/5030*-4). Suppose -4*y + n + z = 0, -2*y - 4*n + 348 = 74. Is y prime?
True
Let b = 10 - 6. Let d be 6/12 + (-501)/(-2). Suppose -d = -b*k + 17. Is k a composite number?
False
Let x(m) = 339*m**2 - 6*m + 17. Is x(6) prime?
False
Let i = 26 - 12. Let x = -18 - i. Is (-678)/(-8) - 8/x composite?
True
Let q = 12 + -7. Suppose 3*i - 2*g - 52 = 2*g, q*i - 4*g = 84. Suppose k - i - 147 = 0. Is k prime?
True
Let d be (-6)/24*(-31 - -3) - 3. Suppose -d*h + 3*h - 979 = -k, 0 = -3*h. Is k prime?
False
L